iple of 125?
False
Is 16 a factor of 6282944?
True
Is 31 a factor of 1700918?
False
Is 17421133 a multiple of 13?
False
Is 35684 a multiple of 74?
False
Does 22 divide 1837324?
False
Does 3 divide 70521?
True
Is 16 a factor of 65840?
True
Is 304 a factor of 3877183?
False
Does 13 divide 15187?
False
Is 224155 a multiple of 129?
False
Is 352374 a multiple of 45?
False
Is 49 a factor of 149744?
True
Is 619346 a multiple of 82?
True
Is 17 a factor of 68663?
True
Is 20 a factor of 535880?
True
Does 158 divide 5918449?
False
Does 131 divide 14932145?
False
Does 167 divide 1906305?
True
Is 1063 a factor of 740844?
False
Is 47 a factor of 10210750?
True
Is 2278787 a multiple of 9?
False
Does 1103 divide 2765221?
True
Is 1488100 a multiple of 141?
False
Does 30 divide 792757?
False
Is 80278 a multiple of 11?
True
Is 11 a factor of 87285?
True
Does 197 divide 1134931?
False
Does 4 divide 1679744?
True
Is 168902 a multiple of 2?
True
Does 30 divide 84370?
False
Is 13 a factor of 8155372?
False
Does 257 divide 3084?
True
Is 37 a factor of 387834?
True
Does 7 divide 742490?
True
Is 152 a factor of 2952904?
True
Is 288022 a multiple of 186?
False
Is 3623683 a multiple of 13?
False
Is 957051 a multiple of 161?
False
Does 5 divide 142383?
False
Is 4881878 a multiple of 8?
False
Is 12 a factor of 2443678?
False
Does 187 divide 66272?
False
Is 22029 a multiple of 93?
False
Does 18 divide 594324?
True
Is 71 a factor of 144627?
True
Is 622747 a multiple of 37?
True
Is 307 a factor of 3661710?
False
Is 4508854 a multiple of 12?
False
Is 453906 a multiple of 21?
False
Is 6175 a multiple of 25?
True
Is 30 a factor of 2922353?
False
Does 6 divide 1888598?
False
Is 40 a factor of 4753680?
True
Is 1747987 a multiple of 328?
False
Does 77 divide 195991?
False
Does 1717 divide 7274929?
True
Is 38 a factor of 3674055?
False
Is 186 a factor of 3399894?
True
Does 19 divide 1102618?
False
Is 21 a factor of 168168?
True
Does 154 divide 73920?
True
Is 79 a factor of 6652011?
False
Does 15 divide 31599?
False
Does 393 divide 3537?
True
Does 7 divide 50567?
False
Is 86457 a multiple of 69?
True
Does 101 divide 129583?
True
Does 294 divide 807618?
True
Is 402054 a multiple of 10?
False
Is 1052041 a multiple of 37?
False
Does 34 divide 464058?
False
Is 327 a factor of 4352697?
True
Does 41 divide 4892534?
False
Is 12 a factor of 513696?
True
Is 8931686 a multiple of 127?
False
Is 2 a factor of 8346?
True
Is 44 a factor of 2420?
True
Is 658569 a multiple of 383?
False
Is 62 a factor of 4974123?
False
Is 6 a factor of 178288?
False
Is 34 a factor of 734086?
False
Is 272460 a multiple of 66?
False
Is 23 a factor of 48070?
True
Does 29 divide 2175272?
False
Does 186 divide 1487628?
True
Is 1836187 a multiple of 7?
False
Is 355368 a multiple of 24?
True
Is 138 a factor of 638711?
False
Does 5 divide 12409?
False
Does 10 divide 352969?
False
Is 376 a factor of 230332?
False
Is 57890 a multiple of 70?
True
Is 65 a factor of 1207310?
True
Is 13 a factor of 2993751?
False
Does 90 divide 4074523?
False
Is 25 a factor of 95200?
True
Is 285885 a multiple of 30?
False
Is 6981643 a multiple of 919?
True
Is 663337 a multiple of 175?
False
Does 56 divide 110270?
False
Is 742 a factor of 2214085?
False
Is 24 a factor of 13737166?
False
Is 23 a factor of 1253635?
False
Is 281 a factor of 2476734?
True
Does 21 divide 117592?
False
Is 183 a factor of 1438014?
True
Is 835 a factor of 77783?
False
Is 620 a factor of 1451596?
False
Does 24 divide 4529319?
False
Is 22656387 a multiple of 2067?
True
Does 166 divide 1164798?
False
Is 222 a factor of 110778?
True
Does 852 divide 11790828?
True
Is 16 a factor of 65760?
True
Is 54 a factor of 28350?
True
Does 19 divide 923666?
True
Is 1404150 a multiple of 150?
True
Is 366 a factor of 420168?
True
Is 189 a factor of 102249?
True
Is 1351258 a multiple of 11?
False
Does 44 divide 2894706?
False
Does 6 divide 55299?
False
Does 133 divide 1871868?
False
Is 6 a factor of 71478?
True
Is 346094 even?
True
Does 27 divide 5238?
True
Is 195183 a multiple of 27?
True
Is 49 a factor of 975345?
True
Is 73458 a multiple of 77?
True
Does 15 divide 583225?
False
Is 1745 a factor of 3065965?
True
Is 428 a factor of 1163304?
True
Is 372 a factor of 896148?
True
Does 61 divide 468724?
True
Is 575030 a multiple of 10?
True
Does 72 divide 366879?
False
Does 368 divide 1235744?
True
Is 5 a factor of 1607652?
False
Is 194 a factor of 182554?
True
Does 5 divide 784975?
True
Does 57 divide 39394?
False
Is 2941016 even?
True
Is 9 a factor of 13869?
True
Is 2673520 a multiple of 80?
True
Does 23 divide 138322?
True
Does 54 divide 2522340?
True
Does 7 divide 1674175?
False
Is 232639 a multiple of 17?
False
Does 478 divide 213263?
False
Does 21 divide 218379?
True
Is 551 a factor of 17166492?
False
Is 436927 a multiple of 14?
False
Is 179 a factor of 189740?
True
Is 23319870 a multiple of 30?
True
Is 39021 a multiple of 14?
False
Does 495 divide 1581230?
False
Is 7 a factor of 727706?
True
Does 207 divide 3726?
True
Is 22 a factor of 99462?
True
Is 12 a factor of 1131612?
True
Does 384 divide 3521926?
False
Is 16 a factor of 1729552?
True
Is 811195 a multiple of 301?
True
Does 40 divide 2482854?
False
Is 57795 a multiple of 13?
False
Is 295 a factor of 137470?
True
Is 41572 a multiple of 547?
True
Is 6 a factor of 560393?
False
Is 9901386 a multiple of 633?
True
Is 142 a factor of 19597?
False
Is 50 a factor of 2165675?
False
Is 1082948 a multiple of 11?
False
Does 19 divide 23446?
True
Does 55 divide 13742739?
False
Does 54 divide 616947?
False
Is 91 a factor of 146874?
True
Is 12 a factor of 14726210?
False
Does 41 divide 378963?
True
Does 693 divide 13167?
True
Does 340 divide 1561316?
False
Is 45 a factor of 15480?
True
Does 168 divide 7511952?
True
Is 1803330 a multiple of 82?
False
Does 3 divide 33607?
False
Does 281 divide 775841?
True
Is 8755 a multiple of 127?
False
Does 27 divide 74169?
True
Does 64 divide 452500?
False
Is 144 a factor of 532847?
False
Does 12 divide 1849428?
True
Is 13 a factor of 4002593?
False
Does 36 divide 13330151?
False
Is 7034195 a multiple of 35?
True
Does 36 divide 327492?
True
Is 137160 a multiple of 135?
True
Does 115 divide 44275?
True
Does 147 divide 53655?
True
Is 2683057 a multiple of 426?
False
Does 132 divide 1538196?
True
Is 121 a factor of 5929?
True
Does 69 divide 1152571?
False
Is 450 a factor of 1395926?
False
Is 968670 a multiple of 141?
True
Does 81 divide 12377858?
False
Is 78 a factor of 3809520?
True
Does 7 divide 976330?
False
Is 2377716 a multiple of 22?
True
Is 59 a factor of 1244782?
True
Is 22 a factor of 12188?
True
Does 60 divide 818377?
False
Does 135 divide 23760?
True
Is 391919 a multiple of 147?
False
Does 27 divide 1327561?
False
Is 131 a factor of 795794?
False
Is 17668933 a multiple of 17?
True
Is 333539 a multiple of 6?
False
Is 136837 even?
False
Is 1571159 a multiple of 24?
False
Does 52 divide 484767?
False
Is 31 a factor of 1516334?
True
Does 19 divide 32794?
True
Does 17 divide 258635?
False
Does 45 divide 20464?
False
Is 938230 a multiple of 34?
True
Does 69 divide 139587?
True
Does 251 divide 716856?
True
Does 270 divide 7670430?
True
Does 116 divide 483504?
False
Does 219 divide 854538?
True
Does 10 divide 6345386?
False
Is 80 a factor of 1651776?
False
Is 939 a factor of 4856508?
True
Does 42 divide 1212169?
False
Is 5347469 a multiple of 2363?
True
Is 703 a factor of 522329?
True
Does 7 divide 114829?
False
Is 895345 a multiple of 803?
True
Is 762888 a multiple of 56?
True
Is 129 a factor of 744717?
True
Does 239 divide 40391?
True
Is 21 a factor of 7035?
True
Does 375 divide 314250?
True
Does 24 divide 3032616?
True
Is 11141352 a multiple of 271?
True
Does 51 divide 53793?
False
Is 348080 a multiple of 20?
True
Is 3100572 a multiple of 19?
True
Is 651168 a multiple of 304?
True
Does 51 divide 2751042?
True
Is 381625 a multiple of 71?
True
Does 162 divide 135136?
False
Is 45218 a multiple of 6?
False
Is 1859321 a multiple of 19?
True
Is 1663410 a multiple of 476?
False
Is 296 a factor of 414992?
True
Is 16 a factor of 22927730?
False
Is 453 a factor of 204165?
False
Is 556881 a multiple of 103?
False
Is 422 a factor of 715410?
False
Is 1643845 a multiple of 27?
False
Does 965 divide 16011280?
True
Is 21